0*m - m = -q - 20. What is the remainder when m is divided by o?
9
Let h(o) be the third derivative of 1/6*o**4 + 0*o - o**2 + 1/12*o**5 - 1/120*o**6 - 7/6*o**3 + 0. Calculate the remainder when h(5) is divided by 7.
6
Let w = 110 - 3. Let p(j) = j**3 - 6*j + 22. What is the remainder when w is divided by p(0)?
19
Suppose -3*p = 3*j - 89 + 20, 115 = 5*p - 4*j. Let g = p + -34. Let f(h) = -h**2 - 12*h + 8. Calculate the remainder when 35 is divided by f(g).
16
Suppose 4*z + 2*l = 3*z + 47, -2*z + 3*l + 122 = 0. Let q = z + -48. What is the remainder when 11 is divided by q?
4
Let x = 57 - 33. Suppose x = z - 21. Calculate the remainder when z is divided by 12.
9
Let p(l) = l**2 + l + 2. Let r be (-126)/33 + 8/(-44). Suppose -5*y + 12 = 4*u - 16, 0 = -4*u + 8. What is the remainder when p(r) is divided by y?
2
Let j = 162 + -111. Let a = 2449 - 2422. Calculate the remainder when j is divided by a.
24
Let h = -11 + 14. Suppose -29 = -h*m - 2*f, -7*f = 3*m - 2*f - 32. Calculate the remainder when 43 is divided by m.
7
Let r = 7 - -10. Suppose -2*o = -3*m + 7 + 6, -3*m + r = -o. Calculate the remainder when 19 is divided by m.
5
Suppose 2*m + 2*m = 5*j + 2858, -m + 2*j = -713. What is the remainder when m is divided by 80?
77
Let v(t) = 64*t + 49. What is the remainder when v(3) is divided by 22?
21
Suppose -26 - 1024 = -5*r. Calculate the remainder when r is divided by 56.
42
Suppose -980 = 495*i - 499*i. What is the remainder when i is divided by 77?
14
Let r = 8 - 4. Calculate the remainder when 29/116 + 335/r is divided by 17.
16
Let q(s) = -12*s + 23. Let c(o) = -25*o + 47. Let g(h) = -3*c(h) + 7*q(h). Let p be g(8). Calculate the remainder when p*(-3)/6 + 2 is divided by 10.
8
Let m be (-1)/(6/69)*-2. Calculate the remainder when m/7 + 8/(-28) is divided by 2.
1
Suppose 3*f = 2*j + 8 + 109, 0 = 2*f - 4*j - 70. What is the remainder when f is divided by 36?
5
Suppose 33*i + 4*y + 465 = 38*i, 3*i = -3*y + 252. What is the remainder when 200 is divided by i?
22
Let o = 1008 + -984. Calculate the remainder when 77 is divided by o.
5
Let v = -1358 + 1431. What is the remainder when 214 is divided by v?
68
Let r(u) = 2*u - 24. Let s be r(0). Calculate the remainder when 38 is divided by (-58)/(-6) + (-8)/s.
8
Suppose h = t + 110, -2*t - 3*h - 131 - 94 = 0. Let l = 366 + -167. Let q = t + l. Calculate the remainder when q is divided by 18.
16
Let n be -5 - -68 - 3/(-3). Calculate the remainder when 37 is divided by (n/(1 + 3))/2.
5
Let w(n) = -6*n + 14. What is the remainder when w(-15) is divided by 33?
5
Let j be (-7)/(-4)*(10 - 6). Let d = 22 - 9. What is the remainder when d is divided by ((-116)/(-14) - 1) + (-2)/j?
6
Let u(m) = -m**2 - 5*m - 2. Let s be u(-3). Suppose 3*a = s*a - 153. What is the remainder when a is divided by 31?
29
Let a(x) = x**3 + 9*x**2 - 11*x + 5. Let k be a(-10). Suppose g + k = 4*g. Let p = -5 + 12. What is the remainder when p is divided by g?
2
Suppose 2*a - 21 = -a - 5*t, a = -4*t + 7. Suppose 12 = 2*v - 3*h, -1 - 7 = -2*h. Calculate the remainder when v is divided by a.
5
Let t be (-9)/(-6)*(-4)/(-3). Let b be t/(4/(-6)) + 2. What is the remainder when (-39)/(-21) - b/7 is divided by 1?
0
Let k(w) = -w**3 - 16*w**2 - 16*w + 26. What is the remainder when 104 is divided by k(-15)?
22
Let p be (2 - (0 - -3)) + 4 + -6. Calculate the remainder when (p/1 - -2)*-45 is divided by 16.
13
Let u(l) = -l**3 + 8 - 38*l**2 + 22*l**2 + 0. Suppose 3 = -2*h + 1, 4*q + 4*h + 68 = 0. Calculate the remainder when u(q) is divided by 5.
3
Let n = -32 + 44. Suppose 7*g - n*g + 865 = 0. Suppose 3*h - 46 - g = 0. Calculate the remainder when h is divided by 25.
23
Suppose 2*f = 2*v + 3*v + 10, 4*f + 2*v + 4 = 0. Suppose 2*r - 3*r - 5*n + 29 = f, 0 = -5*r + n + 171. Calculate the remainder when r is divided by 20.
14
Suppose -56 = -0*l - 4*l. Let r be 7/l*(1 + -1). Suppose 6*q - 14 - 58 = r. Calculate the remainder when 47 is divided by q.
11
Let k = 31 + -20. Let p = 35 - k. Calculate the remainder when 69 is divided by p.
21
Suppose 1684 = -4*s + 1848. What is the remainder when 72 is divided by s?
31
Let f(j) = j**2 - 7*j - 17. What is the remainder when 47 is divided by f(10)?
8
Suppose 2*t - 974 = 2*q, -8*t - 2*q = -11*t + 1464. What is the remainder when t is divided by 62?
56
Suppose 2*o + 4 - 52 = 0. Let x be 102/o - (-3)/(-12). Suppose 3*h + v = 56, 2*h - 20 = -x*v + 14. Calculate the remainder when h is divided by 11.
8
Let m(o) be the second derivative of 2*o**3/3 + 11*o. Suppose 4*s + 4 = 12. Calculate the remainder when m(s) is divided by 3.
2
Suppose 24*y = 5*y + 38. Suppose 4 = -a + 4*a + 2*g, -2*a = 2*g. Suppose -a - 24 = -y*i. Calculate the remainder when i is divided by 5.
4
Let o be 6/5*(0 - 10/(-4)). Suppose 3*c - c - o*n = -2, 3*c + 3*n - 27 = 0. Calculate the remainder when (-43)/(-3) - 4/12 is divided by c.
4
Let v(t) be the third derivative of -t**5/60 + 5*t**4/12 - t**3/2 - 4*t**2. Let m be v(10). What is the remainder when 18 is divided by -3 + (-24)/(m - 0)?
3
Let g = -106 - -291. Suppose f = -182 + g. Let b = -2 - -4. What is the remainder when f is divided by b?
1
Let u(p) = 8*p - 15. Suppose -6*g + 8*g - 5*y = 39, 3*g - 41 = 4*y. What is the remainder when u(g) is divided by 21?
20
Suppose 10*f - 11*f + 44 = 0. Calculate the remainder when f is divided by (-6 - 4)*(-1 - 6/(-12)).
4
Let d(g) = -g - 5. Let k be d(-7). Suppose -j = 4*j - k*q + 16, 3*j = 5*q - 2. What is the remainder when j/3*(-162)/12 is divided by 10?
8
Suppose -v = 6 + 22. Let z = -13 - v. Calculate the remainder when 1 + (-129)/(-3) + -2 is divided by z.
12
Let c(g) = -13*g + 50. Let v be c(13). Let l = v + 198. What is the remainder when l is divided by 14?
9
Let g(r) = -5*r + 9. Let z(f) = -11*f + 18. Let i(k) = -13*g(k) + 6*z(k). Let j be i(-7). What is the remainder when -6*(2 + 5/j) is divided by 3?
0
Let n be (-12)/(-28)*1 - 165/(-7). Suppose -4*u + 82 = -2*u. Let j = u - n. Calculate the remainder when j is divided by 6.
5
Let x = -28 - -31. Calculate the remainder when (-5)/(-25) - (-48)/10 is divided by x.
2
Suppose -4*o + 60 = 11*o. Suppose -o*u + 4*j + 72 = 0, -3*u - j = 23 - 65. What is the remainder when 57 is divided by u?
12
Let h = -73 - -145. Let v = 148 - h. Calculate the remainder when v is divided by 11.
10
Let u(c) = c**3 - 9*c**2 - 10*c + 13. Suppose 10*w - 7*w - 30 = 0. Calculate the remainder when 3/(9/138) - -3 is divided by u(w).
10
Suppose 5*u = 3*p - 291 + 56, -3*u + 55 = p. Suppose 0 = -0*q + q - p. Let r = 45 + -21. What is the remainder when q is divided by r?
22
Let y be -1*(-1 - 2) + 2. Suppose -5*k + 73 - 16 = 4*i, -15 = y*k. Calculate the remainder when i is divided by 216/22 - (-2)/11.
8
Let c = -723 - -755. Suppose -4*u + 151 = -225. Calculate the remainder when u is divided by c.
30
Suppose 2*q - 18 - 2 = -h, 2*q + 40 = 5*h. Let g = -2 - -6. Suppose -g*t + 14 = -h. What is the remainder when 21 is divided by t?
3
Let u be 78/(-21) + 6/(-21). Let d be u - ((-60)/(-1) + 0). Let j = 141 + d. Calculate the remainder when j is divided by 26.
25
Suppose 5 = 3*g - 4. Suppose 5*l = -g*z + 49, 4*l + 7 = 4*z + 59. What is the remainder when l is divided by (-36)/(-10) + 4/10?
3
Suppose -o - 3*n + n = 85, -o - n - 88 = 0. Let z = o - -137. What is the remainder when z is divided by ((-6)/8)/(2/(-32))?
10
Let a(w) = -2*w**3 - 21*w**2 + 20*w - 85. Calculate the remainder when 515 is divided by a(-12).
87
Suppose -5*o + 266 = -3*i, -i + 4 + 54 = o. Calculate the remainder when 173 is divided by o.
8
Suppose 4*j = 2*o + 72, -3*j + 0*j + 32 = 4*o. Calculate the remainder when 511 is divided by j.
15
Suppose 0 = 105*w - 84*w - 546. Calculate the remainder when 95 is divided by w.
17
Suppose 7*g = 10*g - 6. What is the remainder when (-2)/(g/(-140)*4) is divided by (1 - 10)*(0 - 1)?
8
Let t(d) = -d**3 + 5*d**2. Let a be t(5). Suppose p + p - o = 11, a = -5*o + 25. Let l = 24 + -1. What is the remainder when l is divided by p?
7
Suppose -y - 5*y - 22*y = -280. Let s(n) = -n**3 + 3*n + 1. Calculate the remainder when y is divided by s(-2).
1
Let k(q) = -3*q - 3. Suppose -133 = -52*j + 75. Calculate the remainder when j is divided by k(-2).
1
Let y be (-2)/(0 + 2) - -18. Suppose -y*r = -13*r - 476. Calculate the remainde